d by 616?
542
Calculate the remainder when 3084987 is divided by 771245.
7
Calculate the remainder when 7775969 is divided by 2591984.
17
Calculate the remainder when 5902 is divided by 314.
250
Calculate the remainder when 159261 is divided by 79222.
817
Calculate the remainder when 305080846 is divided by 479.
477
Calculate the remainder when 120166017 is divided by 390.
387
What is the remainder when 954164 is divided by 175?
64
What is the remainder when 24016166 is divided by 68?
62
Calculate the remainder when 1336195 is divided by 1072.
483
What is the remainder when 1097793 is divided by 37853?
56
What is the remainder when 5313567 is divided by 69007?
28
Calculate the remainder when 7784651 is divided by 303.
278
Calculate the remainder when 282768 is divided by 94255.
3
Calculate the remainder when 30330 is divided by 865.
55
What is the remainder when 16761 is divided by 2790?
21
What is the remainder when 413795 is divided by 24336?
83
Calculate the remainder when 20248 is divided by 31.
5
What is the remainder when 7095398 is divided by 15?
8
What is the remainder when 17551987 is divided by 85?
82
Calculate the remainder when 2187880 is divided by 12502.
30
Calculate the remainder when 338265307 is divided by 10.
7
What is the remainder when 183847409 is divided by 354?
341
Calculate the remainder when 39003 is divided by 2855.
1888
Calculate the remainder when 30679728 is divided by 1638.
1626
What is the remainder when 1669335 is divided by 114?
33
What is the remainder when 30175685 is divided by 513?
512
Calculate the remainder when 161605898 is divided by 91.
90
What is the remainder when 452525 is divided by 113112?
77
What is the remainder when 398700551 is divided by 957?
953
What is the remainder when 469517 is divided by 1534?
113
Calculate the remainder when 5051499 is divided by 972.
15
What is the remainder when 19144508 is divided by 684?
32
Calculate the remainder when 10579945 is divided by 17.
12
Calculate the remainder when 180955 is divided by 20101.
46
Calculate the remainder when 71872 is divided by 71868.
4
Calculate the remainder when 606768 is divided by 731.
38
Calculate the remainder when 7078301 is divided by 39.
35
What is the remainder when 14601935 is divided by 233?
58
What is the remainder when 512142 is divided by 57?
54
What is the remainder when 147815 is divided by 301?
24
Calculate the remainder when 534099 is divided by 178000.
99
Calculate the remainder when 74361109 is divided by 1292.
49
Calculate the remainder when 3868908 is divided by 3.
0
What is the remainder when 3110167 is divided by 8761?
12
What is the remainder when 61154 is divided by 43?
8
Calculate the remainder when 3669355 is divided by 665.
550
Calculate the remainder when 41215 is divided by 12186.
4657
What is the remainder when 109399467 is divided by 5689?
5686
What is the remainder when 12533182 is divided by 132?
46
What is the remainder when 9244243 is divided by 1596?
211
Calculate the remainder when 38559116 is divided by 5508443.
15
What is the remainder when 241536598 is divided by 263?
28
Calculate the remainder when 454717 is divided by 45470.
17
What is the remainder when 2403408 is divided by 103?
6
Calculate the remainder when 5362 is divided by 4427.
935
What is the remainder when 1025725 is divided by 1287?
1273
What is the remainder when 1130172 is divided by 282?
198
Calculate the remainder when 13847132 is divided by 136.
20
Calculate the remainder when 10820300 is divided by 3606765.
5
What is the remainder when 31007 is divided by 370?
297
What is the remainder when 43428 is divided by 35?
28
What is the remainder when 681329 is divided by 698?
81
What is the remainder when 1099319 is divided by 9010?
99
Calculate the remainder when 26063755 is divided by 1447986.
7
Calculate the remainder when 74267258 is divided by 1341.
1337
What is the remainder when 118648 is divided by 118387?
261
What is the remainder when 82840923 is divided by 148?
143
What is the remainder when 32366 is divided by 4008?
302
What is the remainder when 177715 is divided by 2434?
33
Calculate the remainder when 5361123 is divided by 27.
3
What is the remainder when 118174 is divided by 1828?
1182
Calculate the remainder when 2044240 is divided by 255526.
32
Calculate the remainder when 7160 is divided by 189.
167
Calculate the remainder when 139428 is divided by 368.
324
What is the remainder when 241777 is divided by 5283?
4042
Calculate the remainder when 1348020 is divided by 673792.
436
What is the remainder when 75892 is divided by 193?
43
What is the remainder when 131965881 is divided by 14?
5
Calculate the remainder when 2396569 is divided by 599079.
253
Calculate the remainder when 285363 is divided by 47350.
1263
Calculate the remainder when 111674 is divided by 712.
602
What is the remainder when 2315885 is divided by 8453?
8216
What is the remainder when 990392 is divided by 198077?
7
What is the remainder when 40185948 is divided by 61?
2
What is the remainder when 374625 is divided by 383?
51
What is the remainder when 206262 is divided by 206261?
1
What is the remainder when 1991535 is divided by 995759?
17
Calculate the remainder when 37610666 is divided by 11.
5
Calculate the remainder when 295029 is divided by 36789.
717
What is the remainder when 66105098 is divided by 66105065?
33
Calculate the remainder when 630211 is divided by 315092.
27
What is the remainder when 80435788 is divided by 9867?
4
What is the remainder when 7842809 is divided by 34?
29
What is the remainder when 2254623 is divided by 3458?
7
Calculate the remainder when 631277 is divided by 852.
797
Calculate the remainder when 1111484 is divided by 2047.
2010
Calculate the remainder when 111116927 is divided by 8147.
8141
Calculate the remainder when 56510 is divided by 199.
193
Calculate the remainder when 11723740 is divided by 858.
28
Calculate the remainder when 59135331 is divided by 21.
3
Calculate the remainder when 659673 is divided by 2558.
2267
What is the remainder when 128787 is divided by 1894?
1889
Calculate the remainder when 1115210 is divided by 99.
74
What is the remainder when 712412078 is divided by 20?
18
Calculate the remainder when 14905123 is divided by 4226.
21
Calculate the remainder when 72583 is divided by 5582.
17
What is the remainder when 961875 is divided by 172?
51
Calculate the remainder when 665511 is divided by 24648.
15
Calculate the remainder when 485141 is divided by 323.
318
What is the remainder when 7702454 is divided by 366?
350
What is the remainder when 446919 is divided by 239?
228
Calculate the remainder when 11092204 is divided by 145.
139
Calculate the remainder when 6202502 is divided by 8724.
8462
What is the remainder when 4676936 is divided by 31?
28
Calculate the remainder when 5234012 is divided by 1046800.
12
Calculate the remainder when 809818 is divided by 134745.
1348
Calculate the remainder when 297498 is divided by 2259.
1569
What is the remainder when 818734 is divided by 409326?
82
What is the remainder when 469105 is divided by 777?
574
Calculate the remainder when 762257 is divided by 2558.
2531
What is the remainder when 124691 is divided by 30800?
1491
What is the remainder when 2110447 is divided by 62?
29
Calculate the remainder when 4698287 is divided by 79631.
58
What is the remainder when 1962601 is divided by 406?
403
What is the remainder when 69376 is divided by 1866?
334
Calculate the remainder when 4991506 is divided by 328.
2
Calculate the remainder when 169965 is divided by 251.
38
What is the remainder when 62656 is divided by 2408?
48
What is the remainder when 13719991 is divided by 442576?
135
What is the remainder when 4712228 is divided by 362465?
183
Calculate the remainder when 694519 is divided by 17361.
79
Calculate the remainder when 124036 is divided by 24791.
81
Calculate the remainder when 19746 is divided by 9511.
724
Calculate the remainder when 805624 is divided by 805620.
4
What is the remainder when 13403517 is divided by 30?
27
What is the remainder when 1435523 is divided by 109?
102
What is the remainder when 224928 is divided by 211?
2
What is the remainder when 1455117 is divided by 485037?
6
Calculate the remainder when 41204 is divi